ors of h(-1)?
2, 211
Suppose 18*p - 13*p = -2*l + 4091, 0 = -4*l + 2*p + 8146. What are the prime factors of l?
2, 1019
Suppose -27 = 6*q + 45. List the prime factors of q/5*(-20)/3.
2
Let x = -28 + 32. Suppose -5*p + x = i, 4*p + 0*p = -12. List the prime factors of i.
19
Let t(z) = -4 + 3 - 2*z**2 + 2 + 3*z + 17*z**2. List the prime factors of t(2).
67
Let g(n) = n - 12. Let k be g(14). Suppose -k*q - 138 = -4*q. Let z = -36 + q. List the prime factors of z.
3, 11
Let h = -93 + 366. Suppose -h = -4*f + 127. What are the prime factors of f?
2, 5
Let c(m) = 21*m + 518. What are the prime factors of c(52)?
2, 5, 7, 23
Suppose 0 = -4*o + 6 - 18, -3*z = 4*o - 24. Suppose -10*v = -14*v + z. Suppose -2*r = v*r + 2*g - 41, r - g - 11 = 0. List the prime factors of r.
3
Let l = 3 + 1. Suppose -4*y - r = -5*r - 72, l*y - 2*r - 80 = 0. Suppose y = 4*h - 26. List the prime factors of h.
2, 3
Let k(l) = -7*l**2 - 15*l - 2. Let o(f) = 5*f**2 + 13*f + 3. Let v(b) = -3*k(b) - 4*o(b). Let i be -2 + 4/2 + -4. What are the prime factors of v(i)?
2, 19
Let s = 9398 - 6106. What are the prime factors of s?
2, 823
Let b be 3 + (-5)/5 + 2. Suppose 0*j + 560 = b*j. What are the prime factors of j?
2, 5, 7
List the prime factors of 4088*(102/(-357))/((-8)/14).
2, 7, 73
Suppose -3 = s - 3*p + 2*p, -3 = -3*s - 3*p. Let t = 22 + s. Let o = t - -4. What are the prime factors of o?
5
Suppose -8*t - 62 = -470. Suppose -6*w - t = -663. What are the prime factors of w?
2, 3, 17
Suppose 822*h - 829*h + 966 = 0. List the prime factors of h.
2, 3, 23
Let z = 123 - -280. Suppose z = 3*f - 143. Suppose -4*h + f = 46. List the prime factors of h.
2, 17
Suppose 0 = 4*x - 7 - 5, -47 = 5*v + x. Let f(r) = -2*r - 7. What are the prime factors of f(v)?
13
Suppose 3*z - 5*w = -11, 2*z + 4*w = 12 + 10. Suppose 0 = g - 4*g + 216. Suppose z*o - 6*o + g = 0. What are the prime factors of o?
2, 3
Let z = 366 - 222. What are the prime factors of z?
2, 3
Suppose 11*n - 15*n + 72 = 0. Suppose -14*d = -n*d + 168. List the prime factors of d.
2, 3, 7
Suppose 3*z + 210 = -5*k + 7*k, -525 = -5*k + 3*z. Let g = 171 + k. What are the prime factors of g?
2, 3, 23
Let t(x) = -x**2 - 3*x + 2. Let u be t(-3). Let p = 3 - u. What are the prime factors of 34*p + 3 + 0?
37
Suppose 10 = -5*z, 294 = -4*s + 6*s - z. List the prime factors of s.
2, 73
Let l(b) = -4566*b - 61. What are the prime factors of l(-1)?
5, 17, 53
Let v = 246 - 217. What are the prime factors of v?
29
Suppose -4*f - 4*v + 20 = 0, 0*v - 4*v + 12 = 0. List the prime factors of f/7 - -1*10446/42.
3, 83
Suppose 5 = -2*l + 11. Suppose 6*h = h + l*f + 180, 0 = -3*h - f + 94. What are the prime factors of h?
3, 11
Suppose -5*l + 88 = -w, 2*l = 2*w + 3*w + 394. Let m be (18/(-27))/((-4)/w). Let p(v) = -v**2 - 12*v + 19. What are the prime factors of p(m)?
2, 3
Suppose 0 = g + 5*n - 2308, -40*g - n = -37*g - 6854. List the prime factors of g.
3, 761
Let m be -3*(((-44)/6)/(-2) - 1). Let k(i) = -i**2 - 8*i + 2. List the prime factors of k(m).
2
Suppose g - 10 = -h, -38 = -3*h + g - 6*g. Suppose 3*n = -42 + h. List the prime factors of ((-6)/n)/(2/264).
2, 3, 11
What are the prime factors of ((-3210)/25)/((-711)/(-240) - 3)?
2, 107
Let t = 3 - -7. Let w be t/(-15) - 22/(-6). Suppose 10 + 20 = w*m. What are the prime factors of m?
2, 5
Let q = 181 + -284. What are the prime factors of (-4 + 7 + -4)*q?
103
Let b(l) = l + 5. Let m be b(-4). Suppose 7 = 2*d - m. Suppose -6*n + 3*n + 135 = d*v, 0 = v - 3*n - 30. List the prime factors of v.
3, 11
Let t(p) = -1348*p + 228. List the prime factors of t(-3).
2, 3, 89
Let l(u) = u**3 + 23*u**2 - 63*u - 11. What are the prime factors of l(-20)?
31, 79
Suppose -30*y = -27*y + 30. What are the prime factors of -52*(10 + y - (1 + 0))?
2, 13
Let g = -803 + 3987. List the prime factors of g.
2, 199
Let w = 23 - 13. Suppose -2*m + 0 = -2. Let t = w + m. What are the prime factors of t?
11
Let u(i) = 2*i - 1. Let x be (-46)/(-12) + 4/24. Let a(k) = -k**3 + 4*k**2 + 4*k - 3. Let s be a(x). What are the prime factors of u(s)?
5
Suppose 0 = d - 77 - 115. Suppose 0 = -c - d + 368. What are the prime factors of c?
2, 11
Let i(d) = -49*d + 6. Let w(f) = 49*f - 7. Let l(x) = 5*i(x) + 4*w(x). Let r be (5/(20/(-8)))/2. What are the prime factors of l(r)?
3, 17
Suppose -10 = 5*h - 7*h. Let r = 12 + h. Let z = -9 + r. List the prime factors of z.
2
Suppose 2*c = -6*c + 40. Suppose -2*n + 12 = -c*w - 108, -2*n - 2*w = -120. List the prime factors of n.
2, 3, 5
List the prime factors of -4 + (243828/4)/13.
5, 937
Let q(t) = 2*t - 12*t + 9*t + 67*t**2. List the prime factors of q(1).
2, 3, 11
Suppose 4*y - 1012 = 4*p + 1044, 2560 = 5*y - 3*p. What are the prime factors of y?
509
Let u = 444 - 269. What are the prime factors of u?
5, 7
Let q be (12/(-10))/((-72)/20 + 4). List the prime factors of q*-155*(-1)/(-3).
5, 31
Let d be 506 - (-5)/25*0. Let k = -355 + d. What are the prime factors of k?
151
Let l(q) = -q**3 - 5*q**2 - 6*q - 4. Let j = -21 - -17. Let d be l(j). Suppose d*b - 42 = -2*a, -6*b + 3*b = a - 30. List the prime factors of b.
3
Suppose -2*w - 51 = 5*u, -5*w - 3*u - 2*u - 90 = 0. Let k = 35 - w. What are the prime factors of k?
2, 3
Let y be (2 + 20/(-12))*12. Suppose -3*k = w - 20, 2*w + y*k - 30 = -0*w. Suppose -49 - w = -2*v. List the prime factors of v.
3
Suppose -13*g = -10*g + 66. What are the prime factors of 226*((-4)/g - (-35)/110)?
113
Suppose -7 = -3*x + 17. Suppose -l - 4*q + x*q - 55 = 0, 3*q + 275 = -5*l. Let b = 115 + l. List the prime factors of b.
2, 3, 5
Let q = -43 - -408. List the prime factors of q.
5, 73
Suppose y = -4*i + 17, y - 5 + 3 = i. Suppose -4*z + y*k - 30 = -90, -4*k + 60 = 4*z. What are the prime factors of z?
3, 5
Suppose -3*d - 35 = 2*d. Let q(y) = y**3 + 6*y**2 - 9*y - 10. Let l be q(d). Suppose -z + 90 = l*z. List the prime factors of z.
2, 3
Suppose 2*i + 0*b = 4*b + 4070, 3*b = 3*i - 6090. What are the prime factors of i?
3, 5
Let v(i) = 8*i - 56. List the prime factors of v(11).
2
Let m = -84 - -88. Suppose -m*d + 529 = -187. What are the prime factors of d?
179
Let t(d) be the first derivative of -d**4/4 + 8*d**3/3 + 4*d**2 + 9*d - 11. Let j be t(9). Suppose j = 3*b - 2*b - 57. What are the prime factors of b?
3, 19
Let d(u) = 51*u**2 + 3. What are the prime factors of d(2)?
3, 23
Let u(y) = 375*y - 20. What are the prime factors of u(2)?
2, 5, 73
Suppose 8 = 2*j - 8. Let o(m) = -m**2 + 11*m - 2. Let z be o(j). Let u = -2 + z. List the prime factors of u.
2, 5
Let n(d) = 785*d**2 - 14*d + 2. List the prime factors of n(-1).
3, 89
Suppose c - a = 134, 2*c + 2*a = -a + 278. What are the prime factors of c?
2, 17
Let i(p) = -18*p**3 - p**2 + 6. List the prime factors of i(-2).
2, 73
Let h(t) = 33*t**2 - 5*t + 2. Let y(s) = s**2 + s - 1. Let r(j) = h(j) + 3*y(j). Suppose 5 - 1 = -4*u. List the prime factors of r(u).
37
Let g be 1/7*23 - 2/7. Suppose 0 = 2*t - 4*f - 96, 2*t + g*f = t + 63. What are the prime factors of t?
2, 3
Let r(o) = 7*o**2. Let l be r(-1). Let f = -1 - l. Let m(z) = -4*z - 12. List the prime factors of m(f).
2, 5
Let p(c) = -14*c**3 + 3*c**2 + 14*c + 43. What are the prime factors of p(-5)?
2, 29, 31
Let k(t) = -t**3 - 6*t**2 - 5*t. Let j be k(-5). Let p(d) = 1 - d + j + 2*d + 16. What are the prime factors of p(-13)?
2
Let w = 13 + -11. Let y be w/2 - (10 - 9). Suppose -4*z + 2*t + 106 = y, 3*t = 2*z + 2*z - 107. What are the prime factors of z?
2, 13
Let t(z) = -z**3 - 15*z**2 - 15*z - 9. Let c be t(-14). Suppose 0 = -i + w + 119, c*i - 106 = 3*w + 489. Suppose -i + 14 = -5*j. List the prime factors of j.
3, 7
Suppose -3*p + 2395 = i - 44, -p + 813 = -2*i. What are the prime factors of p?
3, 271
Let h(j) = j - 3. Let c be h(7). Suppose -y + c = y. Suppose m - y*i = -m + 34, -m - i = -23. What are the prime factors of m?
2, 5
Let j be (10 - 1) + (-5 - -2). Suppose 4*w - 379 = 5*q, 2*q = -4*w + j*w - 190. What are the prime factors of w?
2, 3
Let t(j) = 3*j**2 + 11*j - 6. Let m be t(-5). Let g(a) = a**2 - 2*a - 2. Let b be g(-3). Let i = b + m. What are the prime factors of i?
3
Let h(s) = -s**3 - 19*s**2 + 21*s + 26. Let r be h(-20). List the prime factors of ((-95)/(-15) - 6) + 1696/r.
283
Let f(n) = -6*n**3 + 2*n**2 + 4. Let u be f(3). Let k = u - 